{"id":989,"date":"2020-08-24T19:20:01","date_gmt":"2020-08-24T19:20:01","guid":{"rendered":"http:\/\/mac.psc.br\/site\/?page_id=989"},"modified":"2020-11-05T14:09:07","modified_gmt":"2020-11-05T14:09:07","slug":"artisticas","status":"publish","type":"page","link":"https:\/\/mac.psc.br\/site\/tecnicas-expressivas-nao-verbais\/artisticas\/","title":{"rendered":"Art\u00edsticas"},"content":{"rendered":"\t\t<div data-elementor-type=\"wp-page\" data-elementor-id=\"989\" class=\"elementor elementor-989\">\n\t\t\t\t\t\t<div class=\"elementor-inner\">\n\t\t\t\t<div class=\"elementor-section-wrap\">\n\t\t\t\t\t\t\t\t\t<section class=\"elementor-section elementor-top-section elementor-element elementor-element-4f8d673 elementor-section-boxed elementor-section-height-default elementor-section-height-default\" data-id=\"4f8d673\" data-element_type=\"section\" data-settings=\"{&quot;_ob_glider_is_slider&quot;:&quot;no&quot;}\">\n\t\t\t\t\t\t<div class=\"elementor-container elementor-column-gap-default\">\n\t\t\t\t\t\t\t<div class=\"elementor-row\">\n\t\t\t\t\t<div class=\"elementor-column elementor-col-50 elementor-top-column elementor-element elementor-element-a8da204\" data-id=\"a8da204\" data-element_type=\"column\" data-settings=\"{&quot;_ob_bbad_is_stalker&quot;:&quot;no&quot;,&quot;_ob_teleporter_use&quot;:false,&quot;_ob_column_hoveranimator&quot;:&quot;no&quot;,&quot;_ob_column_has_pseudo&quot;:&quot;no&quot;}\">\n\t\t\t<div class=\"elementor-column-wrap elementor-element-populated\">\n\t\t\t\t\t\t\t<div class=\"elementor-widget-wrap\">\n\t\t\t\t\t\t<div class=\"elementor-element elementor-element-824a2bd ob-has-background-overlay elementor-widget elementor-widget-gallery\" data-id=\"824a2bd\" data-element_type=\"widget\" data-settings=\"{&quot;gallery_layout&quot;:&quot;masonry&quot;,&quot;columns&quot;:2,&quot;lazyload&quot;:&quot;yes&quot;,&quot;columns_tablet&quot;:2,&quot;columns_mobile&quot;:1,&quot;gap&quot;:{&quot;unit&quot;:&quot;px&quot;,&quot;size&quot;:10,&quot;sizes&quot;:[]},&quot;gap_tablet&quot;:{&quot;unit&quot;:&quot;px&quot;,&quot;size&quot;:10,&quot;sizes&quot;:[]},&quot;gap_mobile&quot;:{&quot;unit&quot;:&quot;px&quot;,&quot;size&quot;:10,&quot;sizes&quot;:[]},&quot;link_to&quot;:&quot;file&quot;,&quot;overlay_background&quot;:&quot;yes&quot;,&quot;content_hover_animation&quot;:&quot;fade-in&quot;,&quot;_ob_perspektive_use&quot;:&quot;no&quot;,&quot;_ob_poopart_use&quot;:&quot;yes&quot;,&quot;_ob_shadough_use&quot;:&quot;no&quot;,&quot;_ob_allow_hoveranimator&quot;:&quot;no&quot;,&quot;_ob_widget_stalker_use&quot;:&quot;no&quot;}\" data-widget_type=\"gallery.default\">\n\t\t\t\t<div class=\"elementor-widget-container\">\n\t\t\t\t\t<div class=\"elementor-gallery__container\">\n\t\t\t\t\t\t\t<a class=\"e-gallery-item elementor-gallery-item elementor-animated-content\" href=\"https:\/\/mac.psc.br\/site\/wp-content\/uploads\/2020\/11\/tecnicas-artisticas-1a.jpg\" data-elementor-open-lightbox=\"yes\" data-elementor-lightbox-slideshow=\"all-824a2bd\" data-elementor-lightbox-title=\"tecnicas-artisticas-1a\" e-action-hash=\"#elementor-action%3Aaction%3Dlightbox%26settings%3DeyJpZCI6MjU4NiwidXJsIjoiaHR0cHM6XC9cL21hYy5wc2MuYnJcL3NpdGVcL3dwLWNvbnRlbnRcL3VwbG9hZHNcLzIwMjBcLzExXC90ZWNuaWNhcy1hcnRpc3RpY2FzLTFhLmpwZyIsInNsaWRlc2hvdyI6ImFsbC04MjRhMmJkIn0%3D\">\n\t\t\t\t\t<div class=\"e-gallery-image elementor-gallery-item__image\" data-thumbnail=\"https:\/\/mac.psc.br\/site\/wp-content\/uploads\/2020\/11\/tecnicas-artisticas-1a-300x300.jpg\" data-width=\"300\" data-height=\"300\" alt=\"T\u00e9cnicas expressivas n\u00e3o verbais - Art\u00edsticas\" ><\/div>\n\t\t\t\t\t\t\t\t\t\t\t<div class=\"elementor-gallery-item__overlay\"><\/div>\n\t\t\t\t\t\t\t\t\t\t\t\t\t\t<\/a>\n\t\t\t\t\t\t\t<a class=\"e-gallery-item elementor-gallery-item elementor-animated-content\" href=\"https:\/\/mac.psc.br\/site\/wp-content\/uploads\/2020\/11\/tecnicas-artisticas-3a.jpg\" data-elementor-open-lightbox=\"yes\" data-elementor-lightbox-slideshow=\"all-824a2bd\" data-elementor-lightbox-title=\"tecnicas-artisticas-3a\" e-action-hash=\"#elementor-action%3Aaction%3Dlightbox%26settings%3DeyJpZCI6MjU4NSwidXJsIjoiaHR0cHM6XC9cL21hYy5wc2MuYnJcL3NpdGVcL3dwLWNvbnRlbnRcL3VwbG9hZHNcLzIwMjBcLzExXC90ZWNuaWNhcy1hcnRpc3RpY2FzLTNhLmpwZyIsInNsaWRlc2hvdyI6ImFsbC04MjRhMmJkIn0%3D\">\n\t\t\t\t\t<div class=\"e-gallery-image elementor-gallery-item__image\" data-thumbnail=\"https:\/\/mac.psc.br\/site\/wp-content\/uploads\/2020\/11\/tecnicas-artisticas-3a-225x300.jpg\" data-width=\"225\" data-height=\"300\" alt=\"T\u00e9cnicas expressivas n\u00e3o verbais - Art\u00edsticas\" ><\/div>\n\t\t\t\t\t\t\t\t\t\t\t<div class=\"elementor-gallery-item__overlay\"><\/div>\n\t\t\t\t\t\t\t\t\t\t\t\t\t\t<\/a>\n\t\t\t\t\t\t\t<a class=\"e-gallery-item elementor-gallery-item elementor-animated-content\" href=\"https:\/\/mac.psc.br\/site\/wp-content\/uploads\/2020\/11\/tecnicas-artisticas-2a.jpg\" data-elementor-open-lightbox=\"yes\" data-elementor-lightbox-slideshow=\"all-824a2bd\" data-elementor-lightbox-title=\"tecnicas-artisticas-2a\" e-action-hash=\"#elementor-action%3Aaction%3Dlightbox%26settings%3DeyJpZCI6MjU4NCwidXJsIjoiaHR0cHM6XC9cL21hYy5wc2MuYnJcL3NpdGVcL3dwLWNvbnRlbnRcL3VwbG9hZHNcLzIwMjBcLzExXC90ZWNuaWNhcy1hcnRpc3RpY2FzLTJhLmpwZyIsInNsaWRlc2hvdyI6ImFsbC04MjRhMmJkIn0%3D\">\n\t\t\t\t\t<div class=\"e-gallery-image elementor-gallery-item__image\" data-thumbnail=\"https:\/\/mac.psc.br\/site\/wp-content\/uploads\/2020\/11\/tecnicas-artisticas-2a-225x300.jpg\" data-width=\"225\" data-height=\"300\" alt=\"T\u00e9cnicas expressivas n\u00e3o verbais - Art\u00edsticas\" ><\/div>\n\t\t\t\t\t\t\t\t\t\t\t<div class=\"elementor-gallery-item__overlay\"><\/div>\n\t\t\t\t\t\t\t\t\t\t\t\t\t\t<\/a>\n\t\t\t\t\t\t\t<a class=\"e-gallery-item elementor-gallery-item elementor-animated-content\" href=\"https:\/\/mac.psc.br\/site\/wp-content\/uploads\/2020\/11\/tecnicas-artisticas-5a.jpg\" data-elementor-open-lightbox=\"yes\" data-elementor-lightbox-slideshow=\"all-824a2bd\" data-elementor-lightbox-title=\"tecnicas-artisticas-5a\" e-action-hash=\"#elementor-action%3Aaction%3Dlightbox%26settings%3DeyJpZCI6MjU4OCwidXJsIjoiaHR0cHM6XC9cL21hYy5wc2MuYnJcL3NpdGVcL3dwLWNvbnRlbnRcL3VwbG9hZHNcLzIwMjBcLzExXC90ZWNuaWNhcy1hcnRpc3RpY2FzLTVhLmpwZyIsInNsaWRlc2hvdyI6ImFsbC04MjRhMmJkIn0%3D\">\n\t\t\t\t\t<div class=\"e-gallery-image elementor-gallery-item__image\" data-thumbnail=\"https:\/\/mac.psc.br\/site\/wp-content\/uploads\/2020\/11\/tecnicas-artisticas-5a-300x300.jpg\" data-width=\"300\" data-height=\"300\" alt=\"T\u00e9cnicas expressivas n\u00e3o verbais - Art\u00edsticas\" ><\/div>\n\t\t\t\t\t\t\t\t\t\t\t<div class=\"elementor-gallery-item__overlay\"><\/div>\n\t\t\t\t\t\t\t\t\t\t\t\t\t\t<\/a>\n\t\t\t\t\t<\/div>\n\t\t\t<\/div>\n\t\t\t\t<\/div>\n\t\t\t\t\t\t<\/div>\n\t\t\t\t\t<\/div>\n\t\t<\/div>\n\t\t\t\t<div class=\"elementor-column elementor-col-50 elementor-top-column elementor-element elementor-element-21f3f91\" data-id=\"21f3f91\" data-element_type=\"column\" data-settings=\"{&quot;_ob_bbad_is_stalker&quot;:&quot;no&quot;,&quot;_ob_teleporter_use&quot;:false,&quot;_ob_column_hoveranimator&quot;:&quot;no&quot;,&quot;_ob_column_has_pseudo&quot;:&quot;no&quot;}\">\n\t\t\t<div class=\"elementor-column-wrap elementor-element-populated\">\n\t\t\t\t\t\t\t<div class=\"elementor-widget-wrap\">\n\t\t\t\t\t\t<div class=\"elementor-element elementor-element-2bb9aab ob-harakiri-inherit ob-has-background-overlay elementor-widget elementor-widget-text-editor\" data-id=\"2bb9aab\" data-element_type=\"widget\" data-settings=\"{&quot;_ob_harakiri_writing_mode&quot;:&quot;inherit&quot;,&quot;_ob_perspektive_use&quot;:&quot;no&quot;,&quot;_ob_poopart_use&quot;:&quot;yes&quot;,&quot;_ob_shadough_use&quot;:&quot;no&quot;,&quot;_ob_allow_hoveranimator&quot;:&quot;no&quot;,&quot;_ob_widget_stalker_use&quot;:&quot;no&quot;}\" data-widget_type=\"text-editor.default\">\n\t\t\t\t<div class=\"elementor-widget-container\">\n\t\t\t\t\t\t\t\t<div class=\"elementor-text-editor elementor-clearfix\">\n\t\t\t\t<p>A express\u00e3o art\u00edstica na psicoterapia pode ser realizada nas seguintes modalidades:<\/p><ul><li>Desenho (l\u00e1pis, pastel seco, pastel a \u00f3leo)<\/li><li>Pintura (guache, aquarela, acr\u00edlica, nanquim)<\/li><li>Modelagem em argila ou bisqui<\/li><li>Colagem<\/li><li>Gravura (xilogravura)<\/li><li>Fotografia<\/li><\/ul><p>O indiv\u00edduo \u00e9 convidado a registrar suas imagens significativas ao longo do processo psicoterap\u00eautico e o conte\u00fado simb\u00f3lico de suas imagens \u00e9 acessado de modo<br \/>espont\u00e2neo.<\/p>\t\t\t\t\t<\/div>\n\t\t\t\t\t\t<\/div>\n\t\t\t\t<\/div>\n\t\t\t\t\t\t<\/div>\n\t\t\t\t\t<\/div>\n\t\t<\/div>\n\t\t\t\t\t\t\t\t<\/div>\n\t\t\t\t\t<\/div>\n\t\t<\/section>\n\t\t\t\t\t\t\t\t\t<\/div>\n\t\t\t<\/div>\n\t\t\t\t\t<\/div>\n\t\t","protected":false},"excerpt":{"rendered":"<p>A express\u00e3o art\u00edstica na psicoterapia pode ser realizada nas seguintes modalidades: Desenho (l\u00e1pis, pastel seco, pastel a \u00f3leo) Pintura (guache, aquarela, acr\u00edlica, nanquim) Modelagem em argila ou bisqui Colagem Gravura (xilogravura) Fotografia O indiv\u00edduo \u00e9 convidado a registrar suas imagens significativas ao longo do processo psicoterap\u00eautico e o conte\u00fado simb\u00f3lico de suas imagens \u00e9 acessado &#8230; <a title=\"Art\u00edsticas\" class=\"read-more\" href=\"https:\/\/mac.psc.br\/site\/tecnicas-expressivas-nao-verbais\/artisticas\/\" aria-label=\"More on Art\u00edsticas\">Read more<\/a><\/p>\n","protected":false},"author":1,"featured_media":0,"parent":987,"menu_order":0,"comment_status":"closed","ping_status":"closed","template":"","meta":[],"_links":{"self":[{"href":"https:\/\/mac.psc.br\/site\/wp-json\/wp\/v2\/pages\/989"}],"collection":[{"href":"https:\/\/mac.psc.br\/site\/wp-json\/wp\/v2\/pages"}],"about":[{"href":"https:\/\/mac.psc.br\/site\/wp-json\/wp\/v2\/types\/page"}],"author":[{"embeddable":true,"href":"https:\/\/mac.psc.br\/site\/wp-json\/wp\/v2\/users\/1"}],"replies":[{"embeddable":true,"href":"https:\/\/mac.psc.br\/site\/wp-json\/wp\/v2\/comments?post=989"}],"version-history":[{"count":14,"href":"https:\/\/mac.psc.br\/site\/wp-json\/wp\/v2\/pages\/989\/revisions"}],"predecessor-version":[{"id":2589,"href":"https:\/\/mac.psc.br\/site\/wp-json\/wp\/v2\/pages\/989\/revisions\/2589"}],"up":[{"embeddable":true,"href":"https:\/\/mac.psc.br\/site\/wp-json\/wp\/v2\/pages\/987"}],"wp:attachment":[{"href":"https:\/\/mac.psc.br\/site\/wp-json\/wp\/v2\/media?parent=989"}],"curies":[{"name":"wp","href":"https:\/\/api.w.org\/{rel}","templated":true}]}}